the remainder when i is divided by 60.
58
Suppose -5*o = -3*h - 794, 43*o = 40*o - 3*h + 462. What is the remainder when o is divided by 9?
4
Suppose 0 = 82*n - 81*n - 220. Calculate the remainder when n is divided by 25.
20
Let j be (1/(-3))/((-5)/60). Let n be -2*j*(-3)/6. Suppose 6*s = s - 10, n*s + 17 = q. Calculate the remainder when 14 is divided by q.
5
Let k(t) = -4*t + 3. Let u be k(-3). Let l = u - 8. What is the remainder when 50 is divided by 0/(l - 3) - -17?
16
Suppose -13*p = -4396 - 271. Calculate the remainder when p is divided by 15.
14
Let s = 12 + -12. Suppose s = -4*x + x. Calculate the remainder when 23 is divided by 14 - (3 - (2 + x)).
10
Let j(z) = -3*z - 3*z - 19 - 2*z - 9*z. Let r be j(-7). Let t = r - 57. What is the remainder when t is divided by 11?
10
Suppose -3*z + 15 = p, 5*z - 3*p - 6 = 5. Suppose -3*d - z*i + 28 = -2*i, 5*i - 25 = 0. Calculate the remainder when d is divided by 4.
2
Let b = -949 - -1007. What is the remainder when b is divided by 13?
6
Let y = -268 + 357. Calculate the remainder when y is divided by 23.
20
Let f = 236 + -186. Calculate the remainder when f is divided by 13.
11
Let o = -578 - -846. What is the remainder when o is divided by 16?
12
Let v be (-15)/(-3) - 7/((-21)/6). Suppose v*b = 181 + 57. Calculate the remainder when 201 is divided by b.
31
Let l(x) = 35*x - 653. Calculate the remainder when 384 is divided by l(21).
56
Let t(a) = -a**2 + 19*a - 66. What is the remainder when 130 is divided by t(13)?
10
Suppose 0 = 2*q + 2*l + 10, -3 = -q + 2*q + 3*l. Let y = q - -20. Calculate the remainder when y is divided by 4.
2
Suppose -479 = -10*g + 451. What is the remainder when g is divided by 25?
18
Let d = -159 - -248. Calculate the remainder when d is divided by 26.
11
Calculate the remainder when (-1)/(-3) + (-47063)/(-57) is divided by 46.
44
Suppose 15*i = 29*i - 1694. Calculate the remainder when i is divided by 28.
9
Let m(l) = l**3 - 14*l**2 - 15*l - 11. Let d be m(15). Suppose n = b + 39, 3*n = 4*n - 3*b - 45. Let z = d + n. What is the remainder when 98 is divided by z?
23
Let h(f) be the third derivative of -f**4/24 + 9*f**3/2 + 9*f**2. What is the remainder when h(-13) is divided by 14?
12
Suppose 0 = n - 2*j - 77, -3*n + j + 223 = -j. Let t be (-4)/(-4) + -5 + 7. Let s(u) = 2*u**2 - 3*u + 6. Calculate the remainder when n is divided by s(t).
13
Suppose p - 2*p + 4*m - 16 = 0, 23 = 2*p + 3*m. Let v = -27 + 32. Calculate the remainder when v is divided by p.
1
Suppose i + 4*h = 11, -76*h + 71*h + 12 = i. What is the remainder when 132 is divided by i?
6
Suppose 9*y - 7*y - 22 = 0. What is the remainder when 16 is divided by y?
5
What is the remainder when 176 is divided by (-478)/(-8) - 1*4/(-16)?
56
Suppose 12*l - 35 = 85. Suppose -l*n - 338 = -1658. What is the remainder when n is divided by 19?
18
Let k = -5948 + 5982. Let h = -37 + 138. What is the remainder when h is divided by k?
33
Let y(q) = 9*q + 7. Let k be y(-13). Calculate the remainder when ((-6)/5)/(3/k) is divided by (-4 - 11/(-3))/(1/(-69)).
21
Suppose -n = -15 + 16. Calculate the remainder when 57 is divided by 18/(n - -2) + 14/7.
17
Let q = -114 - -65. Let j = 76 + q. What is the remainder when j is divided by 8/24 - ((-396)/27 - -5)?
7
Suppose 9 = -3*x, -4*p + 8*x - 11*x + 11 = 0. Suppose -13 = p*d - 168. What is the remainder when 120 is divided by d?
27
Let b(k) = -5*k - 1. Let f(j) = j**3 - 5*j**2 - 200*j - 6. What is the remainder when f(17) is divided by b(-2)?
8
Suppose -19 = -16*p + 45. What is the remainder when 39 is divided by p?
3
Let x(t) = -t**3 + 17*t**2 + 112*t - 14. What is the remainder when 288 is divided by x(22)?
18
Let a(c) = 2*c**3 + 11*c**2 - 42*c + 2. Calculate the remainder when 68 is divided by a(-8).
14
Suppose r - 5 = 0, -4*r + 1 = 3*j - 4*j. Let c = j + 13. What is the remainder when c is divided by 11?
10
Suppose 2499 = 17*f + 34*f. What is the remainder when 91 is divided by f?
42
Let t = 104 + -29. What is the remainder when t is divided by 20?
15
Let j(t) = -2*t**3 - 3*t**2 - 4*t - 2. Let l = -3 + 0. Suppose 0 = 4*r + 20, 3*q - 18 + 3 = -3*r. Calculate the remainder when j(l) is divided by q.
7
Suppose -10*t = -0*t + 100. Let y(r) = -r**3 - 8*r**2 + 17*r - 2. What is the remainder when 55 is divided by y(t)?
27
Let a(z) = z**3 + 3*z**2 - 13*z + 4. Let m be (2 - 6) + (-8)/24*-21. What is the remainder when 28*2 - 0/(-1) is divided by a(m)?
18
Suppose -5*c = -127 + 7. Calculate the remainder when c is divided by 2/((12/(-21))/(-2)).
3
Let l be 4/10 - 1226/(-10). Let i = -130 - -128. Let x = l + i. What is the remainder when x is divided by 31?
28
What is the remainder when 272 is divided by 2 + 3/((-6)/(-98)) + -5?
42
Suppose a + 396 = 5*a. Let d = 228 - 203. What is the remainder when a is divided by d?
24
Let v be 12*(18/8 - 1). Suppose 17*w = v*w + 14. Calculate the remainder when 18 is divided by w.
4
Suppose 2*l - 2*n - 48 = -l, -2*n = 3*l - 60. What is the remainder when (4/10 - 1)*-115 is divided by l?
15
Suppose 0 = -3050*t + 3043*t + 77. What is the remainder when 36 is divided by t?
3
Let g(w) = -w**3 + 12*w**2 - 9*w + 3. What is the remainder when g(7) is divided by 31?
30
Suppose 0 = 3*t - 6 - 6, 2*t - 8 = -n. Suppose 4*i - 65 = 3*m, n = 2*i - 0*m + 5*m - 65. Suppose 22 = 3*z - 11. What is the remainder when i is divided by z?
9
Let l(m) be the third derivative of m**6/120 + m**5/12 + m**4/12 + m**3/2 + 25*m**2. Calculate the remainder when (5/3 - 2)*-93 is divided by l(-4).
9
Let x = -1737 - -1750. Suppose 3*z = -0*z + 15. Suppose v = -3*i - 2*v + 150, z = -5*v. Calculate the remainder when i is divided by x.
12
Let h(w) = 6*w**2 + 2*w + 1. Let o = 57 - 44. What is the remainder when o is divided by h(-1)?
3
Let b(c) = -10*c + 7. Let w be b(-7). Let q be (-8)/14 - 33/w. Let f = q + 13. Calculate the remainder when 33 is divided by f.
9
Suppose k = 4*k - 3*q - 12, -4*k = -2*q - 16. Suppose k*y = 5*l - 76, y = l - y - 20. Calculate the remainder when 61 is divided by (-10)/15*-4*l.
29
Suppose 3*j + j = 2*p - 906, -5*j + 3*p - 1134 = 0. Let b = -194 - j. Let m(c) = 2*c**2 - 2*c - 4. What is the remainder when b is divided by m(3)?
7
Let a(q) = 2*q**2 + 3*q - 4. Calculate the remainder when ((-414)/(-184))/((-1)/(-28) - 0) is divided by a(3).
17
Let t(j) = 9*j**2 + j + 6. What is the remainder when ((-81 + 2)*-4)/2 is divided by t(-2)?
38
Let j be (-3 - 0/(-4))*-1. Suppose j = -2*y + 19. Calculate the remainder when 2/(2 - 56/29) is divided by y.
5
Let c = 154 + -47. Calculate the remainder when c is divided by 28.
23
Let j(x) = 6*x + 2. Let b(g) = 3*g**2 + 0*g - g - 19 + 20 + 2*g. Let v be b(-1). What is the remainder when j(v) is divided by 11?
9
Suppose 2*v - 104 = 4*l, -3*l = -28*v + 26*v + 108. Calculate the remainder when 175 is divided by v.
55
Suppose -61*l - 156 = -6256. What is the remainder when l is divided by 26?
22
Let t(z) = -984*z - 31. Calculate the remainder when t(-1) is divided by 9.
8
Suppose 0 = -d - r + 20, 0 = 3*d + r + r - 65. Calculate the remainder when 23/(d/(-15) + 2) is divided by 25.
19
Suppose 0 = -3*q - 2*n + 16, 2*n - 27 + 5 = -4*q. Suppose -10*k + q*k = -140. Let v = -17 - -30. Calculate the remainder when k is divided by v.
9
Suppose 2*v + 3*k + 11 = 43, -5*v = 5*k - 80. Calculate the remainder when 24 is divided by v.
8
Let d(z) = 9*z - 130. Let q = -2 - 0. Let p = 7 - q. Calculate the remainder when p is divided by d(15).
4
Let t = -27 - -131. Suppose 4*p = 3*s - 68 - 14, 0 = -4*s + 4*p + t. Calculate the remainder when s is divided by 12.
10
Let k(j) = 3*j**2 - 10*j + 3. Let t(q) = -4*q**2 + 11*q - 3. Let n(a) = -5*k(a) - 4*t(a). What is the remainder when n(-13) is divided by 45?
43
Suppose 3*u = 5*g + 6, -5*u + 3 = -7. Suppose o = -4*y + 3, y - o = -g*o + 2. Calculate the remainder when y is divided by (-1 - 1)*(-1)/2.
0
Let w(s) = -s**2 - 7*s + 2. Let i be w(-7). Calculate the remainder when 19 is divided by 6 - 1 - (-5)/(i - 7).
3
What is the remainder when -6 + 11 - 41/(-1) is divided by 25?
21
Suppose 3*x = 5*a + 16, 0 = 2*x + 5*a - 7*a - 12. Calculate the remainder when 83 is divided by x.
6
Suppose -2 = -2*l - m - 1, 3*l + 3*m = 3. Suppose 4*v - 127 = -5*s - 44, 2*v - 2*s - 46 = l. Calculate the remainder when 63 is